site?
True
Suppose 32*z + 10 = 34*z. Suppose 3*m + z*r - 38060 = 0, 3*r + 13 = -2. Is m a prime number?
False
Let p be 14/6 - (-17)/(-51). Is 13410 + -10 - (-6)/p a composite number?
True
Suppose -17*b + 75082 = -22*b + t, 0 = -4*b - 2*t - 60060. Let m = -10425 - b. Is m composite?
False
Suppose n - 516 = 2182. Suppose 3*h = -5*s - n + 41948, -39270 = -5*s + h. Is s prime?
True
Let s = 717 + -171. Suppose 13*c + s = 6*c. Let g = -25 - c. Is g a composite number?
False
Suppose 58*q = 69*q - 144023. Is q a prime number?
True
Let v = -13338 - -34549. Is v composite?
False
Suppose -21*t = -20*t - 7592. Let p = -3525 + t. Suppose 10*a - 19807 = -p. Is a composite?
True
Suppose 29*z - 109*z + 192880 = 0. Is z a prime number?
True
Let i(w) = w**3 - w**2 - 7*w + 6. Let p be i(3). Suppose -2*q + 0*y = 4*y - 26518, -p*y - 66347 = -5*q. Is q prime?
True
Let t(o) = 84*o**2 + 3*o + 1. Let a be (-1 - -3)*(1 - -1). Is t(a) a prime number?
False
Let b = 175844 + -72837. Is b composite?
False
Is ((-34)/(-8) + 5 - 9)/(4/1940464) a composite number?
True
Let o(u) = 92*u**2 - 96*u + 53. Is o(-21) a composite number?
False
Let o(n) = 6*n + 1226. Is o(20) prime?
False
Is -10 - (-11 + -6) - -327910 a prime number?
True
Let v be (-142)/355 - 27698*(-4)/5. Suppose 5*k - 16611 = -3*w + k, 4*w = -2*k + v. Is w a prime number?
False
Let o(j) = 0*j**3 - j**3 - 12*j + 13*j - 9 - 1 + 14*j**2. Let s be o(14). Suppose -3*c = 5*a - 4297, 0*c = -4*c - s*a + 5740. Is c a composite number?
False
Let m = 183 - 109. Suppose -u + m*i - 70*i + 19979 = 0, 20014 = u + 3*i. Is u a composite number?
True
Let s(o) = 1042785*o**3 - 7*o**2 + 2*o + 1. Is s(1) composite?
False
Let z = -26 - -26. Let q be z - 1 - (25 + -8327). Suppose 0 = -17*o + 14*o - 5*v + 8298, q = 3*o + 4*v. Is o a prime number?
False
Let o = 4367 - 2088. Let l = 3598 - o. Is l a composite number?
False
Suppose -6821944 = -32*m - 50072. Is m a prime number?
False
Suppose -8843225 = -230*b + 205*b. Is b composite?
True
Let u(q) be the first derivative of q**3/3 - 5*q**2/2 - 2. Suppose 5*z - 6 = 24. Is u(z) a prime number?
False
Suppose 19*o - 16*o = -5*b + 466, 3*b = 2*o - 279. Let f be 360 + (-1 - 2) + 1. Let n = f - o. Is n prime?
True
Let q = -579 + 684. Suppose q*m - 109*m + 16444 = -3*y, -5*m - 3*y + 20555 = 0. Is m a prime number?
True
Suppose 0 = -10*y + 25*y - 2085. Is ((-984)/48)/(3 - y/46) composite?
True
Suppose 4*r + 51371 = 2*n - 40607, 3*n - 137963 = 2*r. Is n composite?
True
Let k(j) = 167*j + 44. Let c(i) = 251*i + 66. Let m(d) = 5*c(d) - 7*k(d). Let y be m(-10). Let o = 3059 + y. Is o prime?
True
Let h(f) = -f**2 + f + 2. Let y be h(-1). Suppose y*r + 1621 = 5*r + 3*p, -332 = -r + 2*p. Let u = -123 + r. Is u composite?
True
Suppose -191 = -5*i - 4*d, 32 = i + 2*d - 5. Let c(g) = -g**3 + 39*g**2 + 16*g + 45. Is c(i) composite?
True
Suppose -248575 = -6*l - 96301. Is l prime?
False
Let l(t) = 32*t**2 - 31*t + 163. Is l(18) a prime number?
True
Suppose -23*k = -37*k. Suppose -4*x = k, 4*g - 2*x - 22867 = -5871. Is g composite?
True
Let j = 3167 - 522. Suppose 0 = 18*y - 23*y + j. Is y a prime number?
False
Let z be 2/8 + (-4)/16. Suppose -4*l + 5131 = f - 1, z = -l + 4*f + 1266. Is l prime?
False
Let b(p) = p**2 + p + 10. Let u be b(0). Suppose -13*d + 80569 = u*d. Is d a composite number?
True
Suppose -35*y + 50*y + 1365 = 0. Let s = 7158 + y. Is s composite?
True
Let j(s) be the first derivative of -2*s**3/3 - 9*s**2/2 + 13*s + 13. Let p be j(-5). Suppose 10*r - p*r = 758. Is r prime?
True
Suppose 6 = 5*s - 2*u, 5*s - 3*u + 6*u + 9 = 0. Suppose 15*j - 10*j + 3365 = s. Let r = j - -1050. Is r composite?
True
Let x(s) = s**3 - s**2 + s - 1. Let b be x(0). Let j be 0 - b - -1 - 0/2. Suppose -3*z = -c + 865, -1277 - 433 = -j*c + z. Is c composite?
False
Let a be (-791721)/(-568) + (-2)/(-16). Suppose h - 4*c - 1374 = c, -h = -c - a. Is h prime?
True
Suppose -1696*p + 1655*p = 41. Let b be (-1 - -1) + 1 - 2. Is b + 1031 + 1/(p/(-1)) a composite number?
False
Let c be (45/(-6) - -6)*-2. Let y(z) = 268*z**2 + 7*z - 31. Is y(c) a composite number?
True
Suppose -n = 5*n + 24. Let i = n + -48. Let f = 1 - i. Is f composite?
False
Suppose -f = -4*r - 23, -4*r - 17 = -4*f - 3*r. Suppose 5*v - 1 = f*h, 16 = 5*v + 7*h - 5*h. Is v composite?
False
Suppose 19*j - 6*j + 95342 = 0. Let a = -2900 - j. Is 20/35 + -1 + a/7 a composite number?
True
Let m(u) = 15643*u**3 + 8*u**2 - 14*u + 10. Is m(3) composite?
True
Suppose -4*l + 9 = -2*l + u, -l - 4*u + 1 = 0. Let q be -477 + (9 - l) + -6. Let a = -288 - q. Is a a composite number?
False
Let t(a) = 14 + 2 - 11 + 7*a - 37*a - 7. Let r = 16 - 22. Is t(r) composite?
True
Suppose 904*c - 872*c - 692704 = 0. Is c a composite number?
False
Let c(y) = -24*y**3 + y - 17. Let k(l) = -71*l**3 + 2*l**2 + 2*l - 64. Let g(p) = 7*c(p) - 2*k(p). Suppose 0*f + 4*f + 16 = 0. Is g(f) composite?
False
Let m(p) = 1612*p**2 - 14*p - 127. Let h be m(-6). Suppose 5*g + 2*q - 48062 = 24437, h = 4*g + 5*q. Is g a composite number?
True
Let m = -110 - 25. Let l = m + 140. Let v(y) = 7*y**2 - 9*y + 13. Is v(l) a composite number?
True
Suppose 2*x = 7*x - 2*i - 711, -5*i - 156 = -x. Suppose 4*n + 4*u - 16352 = 0, -4*u - 773 + 777 = 0. Suppose 2*o + x = n. Is o a prime number?
True
Let b(c) = c + 2. Let w be b(-2). Suppose 183*x - 177*x - 35934 = w. Is x prime?
False
Is 852257 + ((-640)/70 - -10)/((-15)/140) composite?
True
Suppose 5*f + 224854 = 3*r, -3*f - 47282 = 2*r - 197191. Is r a composite number?
True
Let i(s) = 1681*s + 1434. Is i(17) prime?
True
Let q(j) = 5*j + 8*j - 6*j - j - 46 + 214*j**2 - 29*j. Is q(-3) a composite number?
False
Suppose -5*w + 1400139 = -30*h + 32*h, 0 = 2*w - 2*h - 560050. Is w composite?
True
Let d be (-43)/(-86) - 21303/(-2). Suppose 12*g - d = 3160. Is g prime?
True
Let n(y) be the third derivative of y**5/60 - y**4/12 + 7*y**3/6 + 109*y**2. Let g(h) = h**3 + 7*h**2 + 8*h + 4. Let u be g(-6). Is n(u) a prime number?
False
Let r = -5197 + 9756. Is r a composite number?
True
Let p = 65 + -65. Suppose p = -t + 1, g - 3*t = 3*g - 625. Is g prime?
True
Let h(q) = -q**3 - 5*q**2 + 10*q - 16. Let w be h(-7). Is (-1 - (-4)/w)/(2/(-4413)) prime?
True
Suppose 0 = -22*y + 108 - 42. Is (1/y*-43)/(8/(-408)) a prime number?
False
Let i(w) = -28*w**2 - 20*w + 21. Let r be i(1). Is (-2 - r/15) + 101112/110 a composite number?
False
Let b(d) = 54*d**2 + 112. Let a be b(15). Suppose 311*g + a = 313*g. Is g prime?
True
Let p(q) = -381*q**3 + 3*q**2 + 414*q + 2105. Is p(-5) prime?
False
Suppose 4*q + 57*q = -21662 + 392115. Is q prime?
True
Suppose 0 = -3*c - y + 104972, 0 = 5*c + 52*y - 50*y - 174953. Is c composite?
True
Let x(c) = -5*c**2 + 15*c - 56. Let o be x(16). Is ((-37)/(-4))/(0 + (-2)/o) composite?
True
Suppose -x = 2*v - 353997, -7*v + 1409354 = -2*x + 170337. Is v a composite number?
True
Is (-14)/(68 - 12) - (-1905130)/8 a composite number?
False
Let l(d) = -427*d - 202. Let z be l(12). Let m = z + 13383. Is m prime?
False
Let y = 118 - 4253. Let h = -7383 - y. Let r = h - -4615. Is r composite?
False
Suppose -5*u + h + 1037 + 5428 = 0, -5*h - 6485 = -5*u. Let j = u + -451. Is j composite?
True
Let w = -235320 + 469063. Is w a composite number?
False
Suppose 10*c + 50*c = 942240. Suppose 0 = -18*k + c + 36442. Is k a prime number?
True
Is 4 - 55/15*-24423 a composite number?
True
Let l(m) = -m**3 - 3*m**2 - 4*m + 35719. Is l(0) a composite number?
True
Suppose -3*b + 5*r = -39, -6*r = -3*b - 5*r + 51. Suppose 3*v = -6 + b. Suppose -s + 5*s = 2*l - 82, 0 = -5*l - v*s + 177. Is l composite?
False
Let f be (-1 - -1 - 1)/(32/(-160)). Let l(s) = 220*s - 33. Is l(f) composite?
True
Let g be (1 + -7 - -6604)*-1. Is g/(-8)*48/12 composite?
False
Let k(u) be the first derivative of -27*u - 14*u + 44*u + 46*u**2 - 7 - 20*u. Is k(15) a composite number?
True
Let g be 420/12*(-6)/(-15). Let r(p) = 2*p**2 - 3*p + 27. Is r(g) prime?
False
Let d = -13913 + 21222. Is d a prime number?
True
Is -4618481*(-41 + 47 + 43/(-7)) a prime number?
True
Suppose -5*y - y = 3*y. Suppose 4*b - 3*l - 7392 = 0, y = -b - 2*l - 3*l + 1825. Suppose -86 + b = q. Is q composite?
False
Let w(i) = -2766*i + 19. Is w(-5) composite?
True
Suppose -2*u - 38936 = -5*z - 12196, z - 5348 = -2*u. Suppose n + 487 = z. 